{"id":155,"date":"2025-02-05T19:13:58","date_gmt":"2025-02-05T18:13:58","guid":{"rendered":"https:\/\/schluesseldienst-bauer.de\/regensburg\/?page_id=155"},"modified":"2025-02-05T19:19:52","modified_gmt":"2025-02-05T18:19:52","slug":"kontakt","status":"publish","type":"page","link":"https:\/\/schluesseldienst-bauer.de\/regensburg\/kontakt\/","title":{"rendered":"Kontakt"},"content":{"rendered":"<div class=\"wpb-content-wrapper\"><p>[vc_row full_width=&#8220;stretch_row&#8220; bg_type=&#8220;image&#8220; parallax_style=&#8220;vcpb-vz-jquery&#8220; bg_image_new=&#8220;id^110|url^https:\/\/schluesseldienst-bauer.de\/regensburg\/wp-content\/uploads\/2025\/02\/regensburg.webp|caption^null|alt^Regensburg|title^regensburg|description^null&#8220; bg_image_repeat=&#8220;no-repeat&#8220; bg_override=&#8220;ex-full&#8220; enable_overlay=&#8220;enable_overlay_value&#8220; overlay_color=&#8220;rgba(0,0,0,0.5)&#8220; overlay_pattern=&#8220;transperant&#8220; seperator_enable=&#8220;seperator_enable_value&#8220; seperator_type=&#8220;tilt_left_seperator&#8220; seperator_position=&#8220;bottom_seperator&#8220; seperator_svg_height=&#8220;100&#8243; seperator_shape_background=&#8220;#ffffff&#8220; type=&#8220;vc_default&#8220; css=&#8220;.vc_custom_1738570301139{background-color: #000000 !important;}&#8220; el_id=&#8220;up&#8220;][vc_column css=&#8220;.vc_custom_1738604144214{padding-top: 160px !important;padding-bottom: 130px !important;}&#8220;][vc_column_text css=&#8220;&#8220;]<\/p>\n<h1 style=\"text-align: center;\"><span style=\"color: #ffffff;\">Schl\u00fcsseldienst in Regensburg<\/span><\/h1>\n<p>[\/vc_column_text][vc_column_text css=&#8220;&#8220;]<\/p>\n<p style=\"color: #ffffff; text-align: center;\">Haben Sie sich ausgesperrt? Keine Sorge! Der Schl\u00fcsselnotdienst f\u00fcr Regensburg ist 24 Stunden am Tag f\u00fcr Sie erreichbar und bietet Ihnen absolute Kostenkontrolle. Fair, transparent und g\u00fcnstig \u2013 T\u00fcr\u00f6ffnungen bereits ab 39,- \u20ac!<\/p>\n<p>[\/vc_column_text][vc_btn title=&#8220;01551 0191 049&#8243; style=&#8220;outline-custom&#8220; outline_custom_color=&#8220;#FFFFFF&#8220; outline_custom_hover_background=&#8220;#1E73BE&#8220; shape=&#8220;square&#8220; size=&#8220;lg&#8220; align=&#8220;center&#8220; i_type=&#8220;the7&#8243; i_icon_the7=&#8220;icomoon-the7-font-the7-phone-051&#8243; css=&#8220;.vc_custom_1738608520128{padding-top: 30px !important;padding-right: 10px !important;padding-bottom: 30px !important;padding-left: 10px !important;}&#8220; add_icon=&#8220;true&#8220; link=&#8220;url:tel%3A%2B4915510191049&#8243; el_class=&#8220;telefon&#8220;][\/vc_column][\/vc_row][vc_row][vc_column][vc_column_text css=&#8220;&#8220;]<\/p>\n<h2><strong>Haben Sie sich ausgesperrt? \u2013 Bewahren Sie Ruhe, wir sind f\u00fcr Sie da!<\/strong><\/h2>\n<p><strong>Ihr zuverl\u00e4ssiger Schl\u00fcsselnotdienst in Regensburg \u2013 24\/7 erreichbar!<\/strong><\/p>\n<p>Keine Panik, wenn Sie sich ausgesperrt haben \u2013 auch mitten in der Nacht! Weder Kopflosigkeit noch Stress helfen Ihnen weiter. Doch daf\u00fcr gibt es den <a href=\"https:\/\/schluesseldienst-bauer.de\/regensburg\/\"><strong>Schl\u00fcsseldienst in Regensburg<\/strong><\/a>, der Ihnen <strong>jederzeit \u2013 24 Stunden am Tag, 365 Tage im Jahr<\/strong> \u2013 zur Seite steht.<\/p>\n<h3><strong>24-Stunden-Notrufnummer:<\/strong> <a href=\"tel:+49155101910 49\"><strong>0155 101 910 49<\/strong><\/a><\/h3>\n<p>Unsere <strong>regionalen Partner sind Ihre Spezialisten<\/strong> f\u00fcr alles rund um <strong>Schl\u00fcssel, Schl\u00f6sser und T\u00fcren<\/strong> in ganz <strong>Regensburg<\/strong>. Auch an <strong>Sonn- und Feiertagen<\/strong> sind wir f\u00fcr Sie erreichbar.<\/p>\n<h3><strong>Rund um die Uhr f\u00fcr Sie da<\/strong><\/h3>\n<p>Sie k\u00f6nnen uns jederzeit anrufen \u2013 ob <strong>tags\u00fcber oder mitten in der Nacht<\/strong>. Unsere Experten beraten Sie <strong>kompetent und zuverl\u00e4ssig<\/strong> zu allen Themen rund um <strong>Schl\u00fcssel und Schl\u00f6sser<\/strong> und stehen Ihnen selbst in den aussichtslosesten Situationen zur Seite.[\/vc_column_text][\/vc_column][\/vc_row][vc_row full_width=&#8220;stretch_row&#8220; bg_type=&#8220;bg_color&#8220; type=&#8220;3&#8243; margin_top=&#8220;0&#8243; margin_bottom=&#8220;0&#8243; padding_top=&#8220;40&#8243; padding_bottom=&#8220;10&#8243; bg_position=&#8220;center&#8220; bg_repeat=&#8220;repeat-x&#8220; bg_color_value=&#8220;#1E73BE&#8220;][vc_column css=&#8220;.vc_custom_1461846572898{padding-top: 10px !important;padding-right: 20px !important;padding-bottom: 10px !important;padding-left: 20px !important;}&#8220;][vc_column_text css=&#8220;.vc_custom_1738779111189{padding-top: 40px !important;padding-bottom: 40px !important;}&#8220;]<\/p>\n<h2 style=\"text-align: center; color: #ffffff;\"><strong>Soforthilfe bei versperrten T\u00fcren<\/strong><\/h2>\n<p style=\"text-align: center; color: #ffffff;\">Unsere geschulten Techniker \u00f6ffnen in weniger als 15-30 Minuten Ihre versperrte oder defekte T\u00fcr.<\/p>\n<h3 style=\"text-align: center; color: #ffffff;\"><a href=\"tel:+4915510191049\">0155 101 910 49<\/a><\/h3>\n<h3 style=\"text-align: center; color: #ffffff;\"><strong>Unser Notdienst ist jetzt:<\/strong> <strong style=\"color: #94c82f;\">verf\u00fcgbar<\/strong><\/h3>\n<p>[\/vc_column_text][\/vc_column][\/vc_row][vc_row][vc_column][vc_separator css=&#8220;&#8220;][\/vc_column][\/vc_row][vc_row][vc_column][vc_column_text css=&#8220;&#8220;]<\/p>\n<h3>Ihre Vorteile mit dem Schl\u00fcsseldienst Regensburg \u2013 Schnell, Sicher &amp; Transparent<\/h3>\n<p>Warum unser Service die beste Wahl ist?<\/p>\n<ol>\n<li>99 % der T\u00fcr\u00f6ffnungen erfolgen besch\u00e4digungsfrei<\/li>\n<li>Schnelle Anfahrt \u2013 in nur 15\u201330 Minuten vor Ort<\/li>\n<li>24\/7 erreichbar \u2013 365 Tage im Jahr, auch an Feiertagen<\/li>\n<li>Faire &amp; transparente Preise \u2013 keine versteckten Kosten<\/li>\n<li>Schlosswechsel bereits ab 19 \u20ac<\/li>\n<li>Einsatz in ganz Regensburg \u2013 \u00fcberall f\u00fcr Sie da<\/li>\n<\/ol>\n<hr \/>\n<h3><strong>Breites Leistungsangebot f\u00fcr jede Situation<\/strong><\/h3>\n<p>Unsere Partner bieten Ihnen nicht nur T\u00fcr\u00f6ffnungen, sondern helfen auch in vielen weiteren Bereichen:<br \/>\n\u2714 \u00d6ffnung von Haus- und Wohnungst\u00fcren<br \/>\n\u2714 Auto\u00f6ffnung in Regensburg \u2013 Schnell &amp; zuverl\u00e4ssig<br \/>\n\u2714 Tresor\u00f6ffnungen \u2013 Professionell und sicher<br \/>\n\u2714 Beratung bei Schl\u00fcsselverlust \u2013 Hilfe schon am Telefon<\/p>\n<p>\u260e Rufen Sie uns rund um die Uhr an! Unser Team unterst\u00fctzt Sie kompetent, egal ob Tag oder Nacht. Schnell, fair &amp; zuverl\u00e4ssig \u2013 Ihr Schl\u00fcsseldienst Regensburg![\/vc_column_text][\/vc_column][\/vc_row]<\/p>\n<\/div>","protected":false},"excerpt":{"rendered":"<p>[vc_row full_width=&#8220;stretch_row&#8220; bg_type=&#8220;image&#8220; parallax_style=&#8220;vcpb-vz-jquery&#8220; bg_image_new=&#8220;id^110|url^https:\/\/schluesseldienst-bauer.de\/regensburg\/wp-content\/uploads\/2025\/02\/regensburg.webp|caption^null|alt^Regensburg|title^regensburg|description^null&#8220; bg_image_repeat=&#8220;no-repeat&#8220; bg_override=&#8220;ex-full&#8220; enable_overlay=&#8220;enable_overlay_value&#8220; overlay_color=&#8220;rgba(0,0,0,0.5)&#8220; overlay_pattern=&#8220;transperant&#8220; seperator_enable=&#8220;seperator_enable_value&#8220; seperator_type=&#8220;tilt_left_seperator&#8220; seperator_position=&#8220;bottom_seperator&#8220; seperator_svg_height=&#8220;100&#8243; seperator_shape_background=&#8220;#ffffff&#8220; type=&#8220;vc_default&#8220; css=&#8220;.vc_custom_1738570301139{background-color: #000000 !important;}&#8220; el_id=&#8220;up&#8220;][vc_column css=&#8220;.vc_custom_1738604144214{padding-top: 160px !important;padding-bottom: 130px !important;}&#8220;][vc_column_text css=&#8220;&#8220;] Schl\u00fcsseldienst in Regensburg [\/vc_column_text][vc_column_text css=&#8220;&#8220;] Haben Sie sich ausgesperrt? Keine Sorge! Der Schl\u00fcsselnotdienst f\u00fcr Regensburg ist 24 Stunden am Tag f\u00fcr Sie erreichbar und bietet Ihnen absolute Kostenkontrolle. Fair,&hellip;<\/p>\n","protected":false},"author":1,"featured_media":124,"parent":0,"menu_order":0,"comment_status":"closed","ping_status":"open","template":"template-microsite.php","meta":{"footnotes":""},"class_list":["post-155","page","type-page","status-publish","has-post-thumbnail","hentry","description-off"],"_links":{"self":[{"href":"https:\/\/schluesseldienst-bauer.de\/regensburg\/wp-json\/wp\/v2\/pages\/155","targetHints":{"allow":["GET"]}}],"collection":[{"href":"https:\/\/schluesseldienst-bauer.de\/regensburg\/wp-json\/wp\/v2\/pages"}],"about":[{"href":"https:\/\/schluesseldienst-bauer.de\/regensburg\/wp-json\/wp\/v2\/types\/page"}],"author":[{"embeddable":true,"href":"https:\/\/schluesseldienst-bauer.de\/regensburg\/wp-json\/wp\/v2\/users\/1"}],"replies":[{"embeddable":true,"href":"https:\/\/schluesseldienst-bauer.de\/regensburg\/wp-json\/wp\/v2\/comments?post=155"}],"version-history":[{"count":0,"href":"https:\/\/schluesseldienst-bauer.de\/regensburg\/wp-json\/wp\/v2\/pages\/155\/revisions"}],"wp:featuredmedia":[{"embeddable":true,"href":"https:\/\/schluesseldienst-bauer.de\/regensburg\/wp-json\/wp\/v2\/media\/124"}],"wp:attachment":[{"href":"https:\/\/schluesseldienst-bauer.de\/regensburg\/wp-json\/wp\/v2\/media?parent=155"}],"curies":[{"name":"wp","href":"https:\/\/api.w.org\/{rel}","templated":true}]}}